{"id":846,"date":"2018-02-07T17:07:11","date_gmt":"2018-02-07T16:07:11","guid":{"rendered":"http:\/\/natexgroup.com\/damast-shop\/datenschutzbelehrung\/"},"modified":"2018-06-27T23:21:29","modified_gmt":"2018-06-27T21:21:29","slug":"datenschutzerklaerung","status":"publish","type":"page","link":"https:\/\/natexgroup.com\/damast-shop\/datenschutzerklaerung\/","title":{"rendered":"Datenschutzerkl\u00e4rung"},"content":{"rendered":"<h2>Datenschutzerkl\u00e4rung<\/h2>\n<h4>Wer wir sind<\/h4>\n<p>Die Adresse unserer Website ist:\u00a0https:\/\/natexgroup.com\/damast-shop<\/p>\n<h4>Welche personenbezogenen Daten wir sammeln und warum wir sie sammeln<\/h4>\n<h5>Kommentare<\/h5>\n<p>Wenn Besucher Kommentare auf der Website schreiben, sammeln wir die Daten, die im Kommentar-Formular angezeigt werden, au\u00dferdem die IP-Adresse des Besuchers und den User-Agent-String (damit wird der Browser identifiziert), um die Erkennung von Spam zu unterst\u00fctzen.<\/p>\n<p>Aus deiner E-Mail-Adresse kann eine anonymisierte Zeichenfolge erstellt (auch Hash genannt) und dem Gravatar-Dienst \u00fcbergeben werden, um zu pr\u00fcfen, ob du diesen benutzt. Die Datenschutzerkl\u00e4rung des Gravatar-Dienstes findest du hier: https:\/\/automattic.com\/privacy\/. Nachdem dein Kommentar freigegeben wurde, ist dein Profilbild \u00f6ffentlich im Kontext deines Kommentars sichtbar.<\/p>\n<h5>Medien<\/h5>\n<p>Wenn du ein registrierter Benutzer bist und Fotos auf diese Website l\u00e4dst, solltest du vermeiden, Fotos mit einem EXIF-GPS-Standort hochzuladen. Besucher dieser Website k\u00f6nnten Fotos, die auf dieser Website gespeichert sind, herunterladen und deren Standort-Informationen extrahieren.<\/p>\n<h5>Cookies<\/h5>\n<p>Wenn du einen Kommentar auf unserer Website schreibst, kann das eine Einwilligung sein, deinen Namen, E-Mail-Adresse und Website in Cookies zu speichern. Dies ist eine Komfortfunktion, damit du nicht, wenn du einen weiteren Kommentar schreibst, all diese Daten erneut eingeben musst. Diese Cookies werden ein Jahr lang gespeichert.<\/p>\n<p>Falls du ein Konto hast und dich auf dieser Website anmeldest, werden wir ein tempor\u00e4res Cookie setzen, um festzustellen, ob dein Browser Cookies akzeptiert. Dieses Cookie enth\u00e4lt keine personenbezogenen Daten und wird verworfen, wenn du deinen Browser schlie\u00dft.<\/p>\n<p>Wenn du dich anmeldest, werden wir einige Cookies einrichten, um deine Anmeldeinformationen und Anzeigeoptionen zu speichern. Anmelde-Cookies verfallen nach zwei Tagen und Cookies f\u00fcr die Anzeigeoptionen nach einem Jahr. Falls du bei der Anmeldung \u201eAngemeldet bleiben\u201c ausw\u00e4hlst, wird deine Anmeldung zwei Wochen lang aufrechterhalten. Mit der Abmeldung aus deinem Konto werden die Anmelde-Cookies gel\u00f6scht.<\/p>\n<p>Wenn du einen Artikel bearbeitest oder ver\u00f6ffentlichst, wird ein zus\u00e4tzlicher Cookie in deinem Browser gespeichert. Dieser Cookie enth\u00e4lt keine personenbezogenen Daten und verweist nur auf die Beitrags-ID des Artikels, den du gerade bearbeitet hast. Der Cookie verf\u00e4llt nach einem Tag.<\/p>\n<h4>WooCommerce Cookies<\/h4>\n<p>Um Artikel im Warenkorb zu speichern, verwendet WooCommerce 3 Cookies:<\/p>\n<ul>\n<li>woocommerce_cart_hash<\/li>\n<li>woocommerce_items_in_cart<\/li>\n<li>wp_woocommerce_session_<\/li>\n<\/ul>\n<p>Die ersten beiden Cookies enthalten Informationen \u00fcber den gesamten Warenkorb und hilft WooCommerce Warenkorb-\u00c4nderungen zu erkennen. Das letzte Cookies\u00a0(wp_woocommerce_session_) enth\u00e4lt einen einzigartigen Code f\u00fcr jeden Kunden um Warenkorb-Informationen des Benutzers in der Datenbank zu finden.<br \/>\nEs werden keine pers\u00f6nlichen Daten gespeichert.<\/p>\n<h4>Eingebettete Inhalte von anderen Websites<\/h4>\n<p>Beitr\u00e4ge auf dieser Website k\u00f6nnen eingebettete Inhalte beinhalten (z.\u00a0B. Videos, Bilder, Beitr\u00e4ge etc.). Eingebettete Inhalte von anderen Websites verhalten sich exakt so, als ob der Besucher die andere Website besucht h\u00e4tte.<\/p>\n<p>Diese Websites k\u00f6nnen Daten \u00fcber dich sammeln, Cookies benutzen, zus\u00e4tzliche Tracking-Dienste von Dritten einbetten und deine Interaktion mit diesem eingebetteten Inhalt aufzeichnen, inklusive deiner Interaktion mit dem eingebetteten Inhalt, falls du ein Konto hast und auf dieser Website angemeldet bist.<\/p>\n<h4>Google Analytics<\/h4>\n<p><span class=\"ts-muster-content\">Wir setzen auf Grundlage unserer berechtigten Interessen (d.h. Interesse an der Analyse, Optimierung und wirtschaftlichem Betrieb unseres Onlineangebotes im Sinne des Art. 6 Abs. 1 lit. f. DSGVO) Google Analytics, einen Webanalysedienst der Google LLC (\u201eGoogle\u201c) ein. Google verwendet Cookies. Die durch das Cookie erzeugten Informationen \u00fcber Benutzung des Onlineangebotes durch die Nutzer werden in der Regel an einen Server von Google in den USA \u00fcbertragen und dort gespeichert.<\/span><\/p>\n<p>Google ist unter dem Privacy-Shield-Abkommen zertifiziert und bietet hierdurch eine Garantie, das europ\u00e4ische Datenschutzrecht einzuhalten (<a href=\"https:\/\/www.privacyshield.gov\/participant?id=a2zt000000001L5AAI&amp;status=Active\" target=\"_blank\" rel=\"noopener\">https:\/\/www.privacyshield.gov\/participant?id=a2zt000000001L5AAI&amp;status=Active<\/a>).<\/p>\n<p>Google wird diese Informationen in unserem Auftrag benutzen, um die Nutzung unseres Onlineangebotes durch die Nutzer auszuwerten, um Reports \u00fcber die Aktivit\u00e4ten innerhalb dieses Onlineangebotes zusammenzustellen und um weitere, mit der Nutzung dieses Onlineangebotes und der Internetnutzung verbundene Dienstleistungen, uns gegen\u00fcber zu erbringen. Dabei k\u00f6nnen aus den verarbeiteten Daten pseudonyme Nutzungsprofile der Nutzer erstellt werden.<\/p>\n<p>Wir setzen Google Analytics nur mit aktivierter IP-Anonymisierung ein. Das bedeutet, die IP-Adresse der Nutzer wird von Google innerhalb von Mitgliedstaaten der Europ\u00e4ischen Union oder in anderen Vertragsstaaten des Abkommens \u00fcber den Europ\u00e4ischen Wirtschaftsraum gek\u00fcrzt. Nur in Ausnahmef\u00e4llen wird die volle IP-Adresse an einen Server von Google in den USA \u00fcbertragen und dort gek\u00fcrzt.<\/p>\n<p>Die von dem Browser des Nutzers \u00fcbermittelte IP-Adresse wird nicht mit anderen Daten von Google zusammengef\u00fchrt. Die Nutzer k\u00f6nnen die Speicherung der Cookies durch eine entsprechende Einstellung ihrer Browser-Software verhindern; die Nutzer k\u00f6nnen dar\u00fcber hinaus die Erfassung der durch das Cookie erzeugten und auf ihre Nutzung des Onlineangebotes bezogenen Daten an Google sowie die Verarbeitung dieser Daten durch Google verhindern, indem sie das unter folgendem Link verf\u00fcgbare Browser-Plugin herunterladen und installieren:\u00a0<a href=\"http:\/\/tools.google.com\/dlpage\/gaoptout?hl=de\" target=\"_blank\" rel=\"noopener\">http:\/\/tools.google.com\/dlpage\/gaoptout?hl=de<\/a>.<\/p>\n<p>Weitere Informationen zur Datennutzung durch Google, Einstellungs- und Widerspruchsm\u00f6glichkeiten, erfahren Sie in der Datenschutzerkl\u00e4rung von Google (<a href=\"https:\/\/policies.google.com\/technologies\/ads\" target=\"_blank\" rel=\"noopener\">https:\/\/policies.google.com\/technologies\/ads<\/a>) sowie in den Einstellungen f\u00fcr die Darstellung von Werbeeinblendungen durch Google <a href=\"https:\/\/adssettings.google.com\/authenticated\" target=\"_blank\" rel=\"noopener\">(https:\/\/adssettings.google.com\/authenticated<\/a>).<\/p>\n<p>Die personenbezogenen Daten der Nutzer werden nach 14 Monaten gel\u00f6scht oder anonymisiert.<\/p>\n<h4>Wie lange wir deine Daten speichern<\/h4>\n<p>Wenn du einen Kommentar schreibst, wird dieser inklusive Metadaten zeitlich unbegrenzt gespeichert. Auf diese Art k\u00f6nnen wir Folgekommentare automatisch erkennen und freigeben, anstelle sie in einer Moderations-Warteschlange festzuhalten.<\/p>\n<p>F\u00fcr Benutzer, die sich auf unserer Website registrieren, speichern wir zus\u00e4tzlich die pers\u00f6nlichen Informationen, die sie in ihren Benutzerprofilen angeben. Alle Benutzer k\u00f6nnen jederzeit ihre pers\u00f6nlichen Informationen einsehen, ver\u00e4ndern oder l\u00f6schen (der Benutzername kann nicht ver\u00e4ndert werden). Administratoren der Website k\u00f6nnen diese Informationen ebenfalls einsehen und ver\u00e4ndern.<\/p>\n<h4>Welche Rechte du an deinen Daten hast<\/h4>\n<p>Wenn du ein Konto auf dieser Website besitzt oder Kommentare geschrieben hast, kannst du einen Export deiner personenbezogenen Daten bei uns anfordern, inklusive aller Daten, die du uns mitgeteilt hast. Dar\u00fcber hinaus kannst du die L\u00f6schung aller personenbezogenen Daten, die wir von dir gespeichert haben, anfordern. Dies umfasst nicht die Daten, die wir aufgrund administrativer, rechtlicher oder sicherheitsrelevanter Notwendigkeiten aufbewahren m\u00fcssen.<\/p>\n<h4>Wohin wir deine Daten senden<\/h4>\n<p>Besucher-Kommentare k\u00f6nnten von einem automatisierten Dienst zur Spam-Erkennung untersucht werden.<\/p>\n<h4>Deine Kontakt-Informationen<\/h4>\n<h5>Natex Spitzen GmbH &amp; Co KG<\/h5>\n<p>Sennemahd 6<br \/>\n6840 G\u00f6tzis \/ \u00d6sterreich<\/p>\n<p>T +43 5523 \/ 51275-0<br \/>\nF +43 5523 \/ 51275-1<br \/>\n<a href=\"mailto:office@natexgroup.com\">office@natexgroup.com<\/a><br \/>\n<a href=\"https:\/\/natexgroup.com\/damast-shop\">www.natexgroup.com<\/a><\/p>\n","protected":false},"excerpt":{"rendered":"<p>Datenschutzerkl\u00e4rung Wer wir sind Die Adresse unserer Website ist:\u00a0https:\/\/natexgroup.com\/damast-shop Welche personenbezogenen Daten wir sammeln und warum wir sie sammeln Kommentare Wenn Besucher Kommentare auf der Website schreiben, sammeln wir die Daten, die im Kommentar-Formular angezeigt werden, au\u00dferdem die IP-Adresse des Besuchers und den User-Agent-String (damit wird der Browser identifiziert), um die Erkennung von Spam zu <a href=\"https:\/\/natexgroup.com\/damast-shop\/datenschutzerklaerung\/\"> [&#8230;]<\/a><\/p>\n","protected":false},"author":1,"featured_media":0,"parent":0,"menu_order":0,"comment_status":"closed","ping_status":"closed","template":"","meta":{"footnotes":""},"class_list":["post-846","page","type-page","status-publish","hentry"],"yoast_head":"<!-- This site is optimized with the Yoast SEO plugin v26.3 - https:\/\/yoast.com\/wordpress\/plugins\/seo\/ -->\n<title>Datenschutzerkl\u00e4rung | Natex Group<\/title>\n<meta name=\"robots\" content=\"index, follow, max-snippet:-1, max-image-preview:large, max-video-preview:-1\" \/>\n<link rel=\"canonical\" href=\"https:\/\/natexgroup.com\/damast-shop\/datenschutzerklaerung\/\" \/>\n<meta property=\"og:locale\" content=\"de_DE\" \/>\n<meta property=\"og:type\" content=\"article\" \/>\n<meta property=\"og:title\" content=\"Datenschutzerkl\u00e4rung | Natex Group\" \/>\n<meta property=\"og:description\" content=\"Datenschutzerkl\u00e4rung Wer wir sind Die Adresse unserer Website ist:\u00a0https:\/\/natexgroup.com\/damast-shop Welche personenbezogenen Daten wir sammeln und warum wir sie sammeln Kommentare Wenn Besucher Kommentare auf der Website schreiben, sammeln wir die Daten, die im Kommentar-Formular angezeigt werden, au\u00dferdem die IP-Adresse des Besuchers und den User-Agent-String (damit wird der Browser identifiziert), um die Erkennung von Spam zu [...]\" \/>\n<meta property=\"og:url\" content=\"https:\/\/natexgroup.com\/damast-shop\/datenschutzerklaerung\/\" \/>\n<meta property=\"og:site_name\" content=\"Natex Group\" \/>\n<meta property=\"article:modified_time\" content=\"2018-06-27T21:21:29+00:00\" \/>\n<meta name=\"twitter:card\" content=\"summary_large_image\" \/>\n<meta name=\"twitter:label1\" content=\"Gesch\u00e4tzte Lesezeit\" \/>\n\t<meta name=\"twitter:data1\" content=\"5\u00a0Minuten\" \/>\n<script type=\"application\/ld+json\" class=\"yoast-schema-graph\">{\"@context\":\"https:\/\/schema.org\",\"@graph\":[{\"@type\":\"WebPage\",\"@id\":\"https:\/\/natexgroup.com\/damast-shop\/datenschutzerklaerung\/\",\"url\":\"https:\/\/natexgroup.com\/damast-shop\/datenschutzerklaerung\/\",\"name\":\"Datenschutzerkl\u00e4rung | Natex Group\",\"isPartOf\":{\"@id\":\"https:\/\/natexgroup.com\/damast-shop\/#website\"},\"datePublished\":\"2018-02-07T16:07:11+00:00\",\"dateModified\":\"2018-06-27T21:21:29+00:00\",\"breadcrumb\":{\"@id\":\"https:\/\/natexgroup.com\/damast-shop\/datenschutzerklaerung\/#breadcrumb\"},\"inLanguage\":\"de\",\"potentialAction\":[{\"@type\":\"ReadAction\",\"target\":[\"https:\/\/natexgroup.com\/damast-shop\/datenschutzerklaerung\/\"]}]},{\"@type\":\"BreadcrumbList\",\"@id\":\"https:\/\/natexgroup.com\/damast-shop\/datenschutzerklaerung\/#breadcrumb\",\"itemListElement\":[{\"@type\":\"ListItem\",\"position\":1,\"name\":\"Startseite\",\"item\":\"https:\/\/natexgroup.com\/damast-shop\/\"},{\"@type\":\"ListItem\",\"position\":2,\"name\":\"Datenschutzerkl\u00e4rung\"}]},{\"@type\":\"WebSite\",\"@id\":\"https:\/\/natexgroup.com\/damast-shop\/#website\",\"url\":\"https:\/\/natexgroup.com\/damast-shop\/\",\"name\":\"Natex Group\",\"description\":\"Spitzen, Damast, Automotiv, Medizin, technische Textilien, Gardinen, Mikrofaser\",\"publisher\":{\"@id\":\"https:\/\/natexgroup.com\/damast-shop\/#organization\"},\"potentialAction\":[{\"@type\":\"SearchAction\",\"target\":{\"@type\":\"EntryPoint\",\"urlTemplate\":\"https:\/\/natexgroup.com\/damast-shop\/?s={search_term_string}\"},\"query-input\":{\"@type\":\"PropertyValueSpecification\",\"valueRequired\":true,\"valueName\":\"search_term_string\"}}],\"inLanguage\":\"de\"},{\"@type\":\"Organization\",\"@id\":\"https:\/\/natexgroup.com\/damast-shop\/#organization\",\"name\":\"J\u00f6rg Nachbaur\",\"url\":\"https:\/\/natexgroup.com\/damast-shop\/\",\"logo\":{\"@type\":\"ImageObject\",\"inLanguage\":\"de\",\"@id\":\"https:\/\/natexgroup.com\/damast-shop\/#\/schema\/logo\/image\/\",\"url\":\"http:\/\/natexgroup.com\/damast-shop\/wp-content\/uploads\/natex-group-148.png\",\"contentUrl\":\"http:\/\/natexgroup.com\/damast-shop\/wp-content\/uploads\/natex-group-148.png\",\"width\":466,\"height\":148,\"caption\":\"J\u00f6rg Nachbaur\"},\"image\":{\"@id\":\"https:\/\/natexgroup.com\/damast-shop\/#\/schema\/logo\/image\/\"}}]}<\/script>\n<!-- \/ Yoast SEO plugin. -->","yoast_head_json":{"title":"Datenschutzerkl\u00e4rung | Natex Group","robots":{"index":"index","follow":"follow","max-snippet":"max-snippet:-1","max-image-preview":"max-image-preview:large","max-video-preview":"max-video-preview:-1"},"canonical":"https:\/\/natexgroup.com\/damast-shop\/datenschutzerklaerung\/","og_locale":"de_DE","og_type":"article","og_title":"Datenschutzerkl\u00e4rung | Natex Group","og_description":"Datenschutzerkl\u00e4rung Wer wir sind Die Adresse unserer Website ist:\u00a0https:\/\/natexgroup.com\/damast-shop Welche personenbezogenen Daten wir sammeln und warum wir sie sammeln Kommentare Wenn Besucher Kommentare auf der Website schreiben, sammeln wir die Daten, die im Kommentar-Formular angezeigt werden, au\u00dferdem die IP-Adresse des Besuchers und den User-Agent-String (damit wird der Browser identifiziert), um die Erkennung von Spam zu [...]","og_url":"https:\/\/natexgroup.com\/damast-shop\/datenschutzerklaerung\/","og_site_name":"Natex Group","article_modified_time":"2018-06-27T21:21:29+00:00","twitter_card":"summary_large_image","twitter_misc":{"Gesch\u00e4tzte Lesezeit":"5\u00a0Minuten"},"schema":{"@context":"https:\/\/schema.org","@graph":[{"@type":"WebPage","@id":"https:\/\/natexgroup.com\/damast-shop\/datenschutzerklaerung\/","url":"https:\/\/natexgroup.com\/damast-shop\/datenschutzerklaerung\/","name":"Datenschutzerkl\u00e4rung | Natex Group","isPartOf":{"@id":"https:\/\/natexgroup.com\/damast-shop\/#website"},"datePublished":"2018-02-07T16:07:11+00:00","dateModified":"2018-06-27T21:21:29+00:00","breadcrumb":{"@id":"https:\/\/natexgroup.com\/damast-shop\/datenschutzerklaerung\/#breadcrumb"},"inLanguage":"de","potentialAction":[{"@type":"ReadAction","target":["https:\/\/natexgroup.com\/damast-shop\/datenschutzerklaerung\/"]}]},{"@type":"BreadcrumbList","@id":"https:\/\/natexgroup.com\/damast-shop\/datenschutzerklaerung\/#breadcrumb","itemListElement":[{"@type":"ListItem","position":1,"name":"Startseite","item":"https:\/\/natexgroup.com\/damast-shop\/"},{"@type":"ListItem","position":2,"name":"Datenschutzerkl\u00e4rung"}]},{"@type":"WebSite","@id":"https:\/\/natexgroup.com\/damast-shop\/#website","url":"https:\/\/natexgroup.com\/damast-shop\/","name":"Natex Group","description":"Spitzen, Damast, Automotiv, Medizin, technische Textilien, Gardinen, Mikrofaser","publisher":{"@id":"https:\/\/natexgroup.com\/damast-shop\/#organization"},"potentialAction":[{"@type":"SearchAction","target":{"@type":"EntryPoint","urlTemplate":"https:\/\/natexgroup.com\/damast-shop\/?s={search_term_string}"},"query-input":{"@type":"PropertyValueSpecification","valueRequired":true,"valueName":"search_term_string"}}],"inLanguage":"de"},{"@type":"Organization","@id":"https:\/\/natexgroup.com\/damast-shop\/#organization","name":"J\u00f6rg Nachbaur","url":"https:\/\/natexgroup.com\/damast-shop\/","logo":{"@type":"ImageObject","inLanguage":"de","@id":"https:\/\/natexgroup.com\/damast-shop\/#\/schema\/logo\/image\/","url":"http:\/\/natexgroup.com\/damast-shop\/wp-content\/uploads\/natex-group-148.png","contentUrl":"http:\/\/natexgroup.com\/damast-shop\/wp-content\/uploads\/natex-group-148.png","width":466,"height":148,"caption":"J\u00f6rg Nachbaur"},"image":{"@id":"https:\/\/natexgroup.com\/damast-shop\/#\/schema\/logo\/image\/"}}]}},"_links":{"self":[{"href":"https:\/\/natexgroup.com\/damast-shop\/wp-json\/wp\/v2\/pages\/846","targetHints":{"allow":["GET"]}}],"collection":[{"href":"https:\/\/natexgroup.com\/damast-shop\/wp-json\/wp\/v2\/pages"}],"about":[{"href":"https:\/\/natexgroup.com\/damast-shop\/wp-json\/wp\/v2\/types\/page"}],"author":[{"embeddable":true,"href":"https:\/\/natexgroup.com\/damast-shop\/wp-json\/wp\/v2\/users\/1"}],"replies":[{"embeddable":true,"href":"https:\/\/natexgroup.com\/damast-shop\/wp-json\/wp\/v2\/comments?post=846"}],"version-history":[{"count":10,"href":"https:\/\/natexgroup.com\/damast-shop\/wp-json\/wp\/v2\/pages\/846\/revisions"}],"predecessor-version":[{"id":2062,"href":"https:\/\/natexgroup.com\/damast-shop\/wp-json\/wp\/v2\/pages\/846\/revisions\/2062"}],"wp:attachment":[{"href":"https:\/\/natexgroup.com\/damast-shop\/wp-json\/wp\/v2\/media?parent=846"}],"curies":[{"name":"wp","href":"https:\/\/api.w.org\/{rel}","templated":true}]}}